{"id":94,"date":"2020-03-10T14:23:41","date_gmt":"2020-03-10T13:23:41","guid":{"rendered":"https:\/\/dentalking.pl\/?page_id=94"},"modified":"2020-03-22T17:40:42","modified_gmt":"2020-03-22T16:40:42","slug":"blog","status":"publish","type":"page","link":"https:\/\/dentalking.pl\/?page_id=94","title":{"rendered":"Czy wiesz jak wa\u017cny jest przegl\u0105d stomatologiczny?"},"content":{"rendered":"\n<figure class=\"wp-block-image size-large\"><img loading=\"lazy\" decoding=\"async\" width=\"1024\" height=\"683\" src=\"https:\/\/dentalking.pl\/wp-content\/uploads\/2020\/03\/dentalking-1-1024x683.jpg\" alt=\"Przegl\u0105d stomatologiczny\" class=\"wp-image-146\" srcset=\"https:\/\/dentalking.pl\/wp-content\/uploads\/2020\/03\/dentalking-1-1024x683.jpg 1024w, https:\/\/dentalking.pl\/wp-content\/uploads\/2020\/03\/dentalking-1-300x200.jpg 300w, https:\/\/dentalking.pl\/wp-content\/uploads\/2020\/03\/dentalking-1-768x512.jpg 768w, https:\/\/dentalking.pl\/wp-content\/uploads\/2020\/03\/dentalking-1-1536x1024.jpg 1536w, https:\/\/dentalking.pl\/wp-content\/uploads\/2020\/03\/dentalking-1-2048x1365.jpg 2048w\" sizes=\"auto, (max-width: 1024px) 100vw, 1024px\" \/><figcaption>Woman patient at dentist<\/figcaption><\/figure>\n\n\n\n<p>Profilaktyka dentystyczna oraz edukacja zapobiega powstawaniu wielu gro\u017anym chorobom naszych z\u0119b\u00f3w oraz jamy ustnej. Przegl\u0105d stomatologiczny powinno wykonywa\u0107 si\u0119 minimum dwa razy w roku. Regularna wizyta u Lekarza Dentysty sk\u0142ada si\u0119 z badania okresowego oraz czyszczenia jamy ustnej. W trakcie takiego badania Stomatolog bada stan naszych z\u0119b\u00f3w oraz dzi\u0105se\u0142, sprawdza czy nie pojawi\u0142y si\u0119 nowe, niepokoj\u0105ce ubytki i zmiany. Zaleca si\u0119 r\u00f3wnie\u017c wykonanie prze\u015bwietlenia z\u0119b\u00f3w w celu dok\u0142adniejszego sprawdzenia stanu uz\u0119bienia.<\/p>\n\n\n\n<p>Kolejny etap wizyty to kontrola stanu dzi\u0105se\u0142 za pomoc\u0105 specjalistycznych narz\u0119dzi do pomiaru przestrzeni pomi\u0119dzy z\u0119bami a dzi\u0105s\u0142ami. Je\u015bli dzi\u0105s\u0142a s\u0105 zdrowe to przestrzenie mi\u0119dzyz\u0119bowe s\u0105 p\u0142ytkie, natomiast w przypadku problem\u00f3w z dzi\u0105s\u0142ami, s\u0105 one g\u0142\u0119bsze. Zalecamy stosowanie szczoteczek do czyszczenia przestrzeni mi\u0119dzyz\u0119bowych. W trakcie wizyty Stomatolog mo\u017ce tak\u017ce wykona\u0107 zabieg higienizacji aby oczy\u015bci\u0107 z\u0119by, usun\u0105\u0107 kamie\u0144 naz\u0119bny (stwardnia\u0142\u0105 p\u0142ytk\u0119) zgromadzony zar\u00f3wno na z\u0119bach jak i poni\u017cej linii dzi\u0105se\u0142, oraz wypolerowa\u0107 z\u0119by, aby usun\u0105\u0107 z ich powierzchni przebarwienia. Po wykonanym zabiegu higienizacji Stomatolog wykonuje zabieg polerowania powierzchni z\u0119b\u00f3w, najcz\u0119\u015bciej z wykorzystaniem piaszczystej pasty. S\u0142u\u017cy on usuwaniu przebarwie\u0144 z powierzchni z\u0119b\u00f3w. Ponadto dentysta lub higienistka udziela fachowej porady, jak prawid\u0142owo szczotkowa\u0107 z\u0119by i u\u017cywa\u0107 nici dentystycznej lub szczoteczek do czyszczenia przestrzeni mi\u0119dzyz\u0119bowych. W okresie pomi\u0119dzy regularnymi wizytami nale\u017cy samodzielnie dba\u0107 o z\u0119by i dzi\u0105s\u0142a. P\u0142ytka naz\u0119bna stale tworzy si\u0119 na z\u0119bach, natomiast regularne szczotkowanie z\u0119b\u00f3w i stosowanie nici dentystycznych s\u0142u\u017cy utrzymaniu prawid\u0142owej higieny jamy ustnej a tak\u017ce zdrowemu u\u015bmiechu.<\/p>\n","protected":false},"excerpt":{"rendered":"<p>Profilaktyka dentystyczna oraz edukacja zapobiega powstawaniu wielu gro\u017anym chorobom naszych z\u0119b\u00f3w oraz jamy ustnej. Przegl\u0105d stomatologiczny powinno wykonywa\u0107 si\u0119 minimum dwa razy w roku. Regularna wizyta u Lekarza Dentysty sk\u0142ada si\u0119 z badania okresowego oraz czyszczenia jamy ustnej. W trakcie takiego badania Stomatolog bada stan naszych z\u0119b\u00f3w oraz dzi\u0105se\u0142, sprawdza czy nie pojawi\u0142y si\u0119 nowe,&hellip; <br \/> <a class=\"read-more\" href=\"https:\/\/dentalking.pl\/?page_id=94\">Czytaj dalej<\/a><\/p>\n","protected":false},"author":1,"featured_media":141,"parent":0,"menu_order":0,"comment_status":"open","ping_status":"closed","template":"","meta":{"footnotes":""},"class_list":["post-94","page","type-page","status-publish","has-post-thumbnail","hentry"],"_links":{"self":[{"href":"https:\/\/dentalking.pl\/index.php?rest_route=\/wp\/v2\/pages\/94","targetHints":{"allow":["GET"]}}],"collection":[{"href":"https:\/\/dentalking.pl\/index.php?rest_route=\/wp\/v2\/pages"}],"about":[{"href":"https:\/\/dentalking.pl\/index.php?rest_route=\/wp\/v2\/types\/page"}],"author":[{"embeddable":true,"href":"https:\/\/dentalking.pl\/index.php?rest_route=\/wp\/v2\/users\/1"}],"replies":[{"embeddable":true,"href":"https:\/\/dentalking.pl\/index.php?rest_route=%2Fwp%2Fv2%2Fcomments&post=94"}],"version-history":[{"count":2,"href":"https:\/\/dentalking.pl\/index.php?rest_route=\/wp\/v2\/pages\/94\/revisions"}],"predecessor-version":[{"id":147,"href":"https:\/\/dentalking.pl\/index.php?rest_route=\/wp\/v2\/pages\/94\/revisions\/147"}],"wp:featuredmedia":[{"embeddable":true,"href":"https:\/\/dentalking.pl\/index.php?rest_route=\/wp\/v2\/media\/141"}],"wp:attachment":[{"href":"https:\/\/dentalking.pl\/index.php?rest_route=%2Fwp%2Fv2%2Fmedia&parent=94"}],"curies":[{"name":"wp","href":"https:\/\/api.w.org\/{rel}","templated":true}]}}